(-7)/(s/(-15))?
9
Let s(t) = -t**3 + 20*t**2 - 37*t + 24. Let b be s(18). What is the hundreds digit of ((-26560)/15)/(-8) + (-2)/b?
2
Let l(h) = -h - 9. Let u be l(0). Let i(o) = 2 + 3 + 29*o**2 + o**3 - 21*o**2 - 11*o. What is the units digit of i(u)?
3
Let t be ((-3)/12 + 1)*4. Suppose 3*z + 5*v = 399, t*v - 393 = -z - 2*z. What is the hundreds digit of z?
1
Suppose 1130 = 4*y - 2*b, 1411 = 5*y - 4*b - 0*b. Let o = 535 - y. What is the hundreds digit of o?
2
Let n(y) = y**2 + 8*y + 5. Let u be n(-6). Let o(r) = -6*r - 5. What is the tens digit of o(u)?
3
Suppose k = 3*q - 1 - 1, 2*k - 18 = -5*q. Let u(l) = -3 - 3*l + 9*l - 4 + 8*l - l**q. What is the tens digit of u(10)?
3
Let p(f) = f**2 - 18*f + 40. What is the tens digit of p(0)?
4
Suppose -2*o = 3 - 1. Let q be (o - -3)*(-26 + 0). Let m = -31 - q. What is the units digit of m?
1
Suppose -281*j = -286*j + 4500. What is the units digit of j?
0
Let x = -17 + 27. Let n be (-4)/x - (-2864)/10. What is the tens digit of n/14 - (-28)/49?
2
Let j(z) = 15*z - 54. Let l(y) = -7*y + 27. Let c(m) = 4*j(m) + 9*l(m). What is the tens digit of c(-26)?
0
Let m(d) = 8*d - 1. Let c be m(2). Suppose -4*r + c = -9. Suppose r*u - 4*u = 68. What is the tens digit of u?
3
Let r(h) = 130*h + 720. What is the thousands digit of r(20)?
3
Suppose -16*i + 8889 = -151. What is the tens digit of i?
6
Suppose 0 = z - p - 18, 72 = -z + 5*z + 4*p. Let o be 120/z + 2/6. What is the units digit of (4/(-6))/(o/(-42))?
4
What is the units digit of (20/(-20))/(3/(-1467))?
9
Let t(o) = 0*o**2 + 0*o**2 - 2*o - 2 - 3*o + 7*o**2. What is the tens digit of t(3)?
4
Let z be (-1)/(-4) - (0 - 243/(-12)). What is the units digit of (-1685)/z - 2/8?
4
Let b(z) = -5*z - 5. Let x be (-168)/35 - 2/10. Let f be b(x). Let h = -8 + f. What is the tens digit of h?
1
Let g be (-6)/2 - (-50)/10. Suppose -g*v - 7 = -w, -4*w + 5*w + 5 = -2*v. Suppose -w = i - 18. What is the tens digit of i?
1
Let l(v) be the first derivative of -10*v**2 - 15*v - 5. What is the tens digit of l(-9)?
6
Suppose -3*w = k - 8, 5*w + 15*k - 10*k = 0. Let h = -236 - -353. Suppose w*q - h = 51. What is the units digit of q?
2
Suppose -5*m + 0*m = -2*r - 140, 4*m = 4*r + 100. What is the units digit of (m*(-4)/(-8))/1?
5
Suppose 10*a - 5*a = 0. Suppose a = -173*n + 174*n - 23. What is the tens digit of n?
2
Suppose 4*m - 2*n - 15172 = 0, -2*m - n + 7586 = 4*n. What is the thousands digit of m?
3
Suppose q = -42 - 18. Let n be (9/5)/((-6)/q). Suppose -20 = -20*k + n*k. What is the tens digit of k?
1
Let s(d) = d**3 - d**2 + 23. Let c be s(0). Suppose 0 = -5*m + 2*m - 5*w - c, -w - 8 = 4*m. Let g = 6 + m. What is the units digit of g?
5
Let l(h) = -157*h + 104. What is the hundreds digit of l(-3)?
5
Suppose -r + 326 = -0*r. What is the tens digit of r/4 + (-2)/(-4)?
8
Suppose 0 = 4*i - 5*i - 2. Let k be 2/4*(-2 - i). Suppose k = 4*q - 5*q + 42. What is the units digit of q?
2
Let c(s) = -s**2 - 17*s - 12. Let t be c(-15). Let l be 513/t - 2/(-4). Suppose -4*q + l + 39 = 0. What is the units digit of q?
7
What is the hundreds digit of (-24)/(-56) - 8874/(-21)?
4
Suppose -61*l = -53*l - 2048. What is the tens digit of l?
5
Let t be 172/16 - (-3)/(-4). Let u = t + 13. What is the units digit of u?
3
Let c(r) = -r**2 + 17*r - 12. Let v be c(16). Suppose -u = -v*k - 0*u + 267, 0 = 5*u - 25. What is the units digit of k?
8
Suppose -3*p - 8155 = 4*p. Let j be p/15 + 2/(-6). Let b = 136 + j. What is the units digit of b?
8
Suppose -2*y + 7 = 3. Let h(t) = -24 + 7 + 3*t**2 - y*t**2 - 15*t - 2*t**2. What is the units digit of h(-10)?
3
Let r(l) = 3*l**3 - 2*l - 1. Let p be r(-1). Let n = 1 - p. Suppose 0 = n*k - 5*j - 20, -2*k + j - 2*j + 22 = 0. What is the tens digit of k?
1
Let j be 16/(((-9)/42)/3). Let b = j - -481. What is the tens digit of b?
5
Let z be 5 + -4 + 2/1. Suppose 0 = -z*w - 2*w - 5. What is the units digit of 1 - (56*w - -4)?
3
Suppose 0 = -57*y + 26150 - 8138. What is the tens digit of y?
1
Let r(c) = -2*c**3 + 2*c**2 - 2*c + 4. Let i(d) = -3*d**3 + 3*d**2 - 3*d + 5. Let n(s) = 3*i(s) - 4*r(s). What is the tens digit of n(-2)?
1
Suppose -h - 4*h = -15. Suppose -h*d - 100 = d. Let w = d + 43. What is the tens digit of w?
1
Let k = -21 - -23. What is the units digit of 2/((-72)/37 + k)?
7
What is the hundreds digit of -7 - (16/(-24)*681)/2?
2
Let a(z) = z**3 + 6*z**2 + 7*z + 10. Let u be a(-5). Let c(k) = -k**2 + 7. What is the units digit of c(u)?
7
Suppose 0 = 2*j + 5 - 3. Let x be j/(-2) - (-294)/12. Suppose 0*g - 4*g + 5*s = -117, x = -5*s. What is the tens digit of g?
2
Let z be 27 - (-2 - (-3 - 1)). Suppose 0 = 2*s - 6*x + x - z, -5*x = -s + 20. Suppose s*q + 37 = 177. What is the units digit of q?
8
Let t(w) = 2*w**2 - 2. Let i be t(-3). Let d be (i/10)/(2/(-35)). Let b = d + 54. What is the tens digit of b?
2
Let s = -385 + 645. What is the hundreds digit of s?
2
Suppose -7 + 32 = 5*j. Suppose 0*o = 3*o - 45. Suppose -o = -j*i, 0*q = -q - i + 26. What is the tens digit of q?
2
Let m(u) = 3*u**3 + 12 - 10*u - 3*u**3 - u**3 + 11*u**2. What is the units digit of m(10)?
2
Let g be (-15)/45 - (-254)/(-3). Let d = -55 - g. What is the units digit of d?
0
Let f(k) = 8*k**2 + k - 1. Let y be f(1). What is the units digit of (-28)/1*(-7)/(28/y)?
6
Let s(k) = 26*k**2 - 9*k - 64. What is the tens digit of s(11)?
8
Let l be (38/(-12)*2)/((-2)/(-6)). Let y(u) = -9*u + 44. What is the units digit of y(l)?
5
Let d = 306 + -1310. Suppose -20 + 2 = 9*v. What is the units digit of d/(-24) + v/(-12)?
2
Suppose 567 - 600 = -3*y. Suppose 2*n - 29 = -5*w + 26, -3*n + 60 = 3*w. Suppose -y*c = -10*c - n. What is the units digit of c?
5
Let r(f) = -f**3 - 9*f**2 + 3*f + 11. Let w be r(-9). Let o = -7 - w. Let s = o + -7. What is the units digit of s?
2
Suppose -5*u - 114 = -129, 7569 = 3*l + 2*u. What is the tens digit of l?
2
Suppose -4*s = g - 29, -4*g = -2*s + s - 31. Let o = 1 + -1. Let k = g + o. What is the units digit of k?
9
Let a = 571 - 564. Let d(w) = -16 + 3*w**3 - 2*w**3 + 9*w**2 - 2*w**3 - 5*w. What is the tens digit of d(a)?
4
Let q(v) = 119*v**2 + 3*v + 2. Let d(j) = -119*j**2 - 3*j - 1. Let b(u) = -4*d(u) - 3*q(u). Let f be b(1). Suppose 5*k - f = -0*k. What is the units digit of k?
4
Let f(s) = 17*s + 32. What is the units digit of f(8)?
8
Let f be (-2)/3 + 224/48. Suppose v - l = -102, -f*v = 3*l + 329 + 86. What is the units digit of 1/(-3) + v/(-3)?
4
Suppose -6*s = 2*g - 4*s - 2174, -2177 = -2*g - 5*s. What is the thousands digit of g?
1
Let d(p) = -22*p + 12. Let m be d(-7). Suppose 2*t - m = 136. What is the hundreds digit of t?
1
Suppose -6*v = -4*y + 8184, 5675 + 4581 = 5*y - v. What is the units digit of y?
2
Let r(s) = 2*s**2 - 4*s - 19. Let o be r(-8). Suppose 171 = -2*z + 6*z + b, -5*b = 3*z - o. Suppose 0 = w + 2*w - z. What is the tens digit of w?
1
Let b = -35 - -35. Suppose 15 = 3*g + 2*g. What is the tens digit of g*(3 - b)*3?
2
Let q = -28 - -560. What is the units digit of q?
2
Let i(u) be the third derivative of -u**6/2 - u**5/30 + u**3/6 + 6*u**2. What is the tens digit of i(-1)?
5
Let n(w) = -4*w**2 - 3*w**3 + 2*w**3 + 0*w**3 - 5*w - 1 + w. Let g be n(-3). Suppose 2*a - 14 = 4*y, -3*a + 11 + 2 = -g*y. What is the units digit of a?
3
Suppose 2*b - 22 = -0*b. Suppose -4*z - 17 - b = -m, 0 = -2*m + z + 49. Suppose 3*n - 23 = 5*u - 153, -u + m = -n. What is the units digit of u?
9
Suppose 0 = -10*x + 31*x - 5607. What is the tens digit of x?
6
Let t be (1 - -7) + (-8)/4. Suppose -40 = 5*b - t*b. What is the tens digit of b?
4
Let o(c) = 2*c**3 - 6*c**2 + 6*c - 2. Let k be o(4). What is the units digit of (-27)/k + 6/4?
1
What is the hundreds digit of (0 + 9 + -1930)*1*-1?
9
Suppose -4*x = -x - 63. Suppose 141 = 3*i - x. Suppose 2*u - 5*u = -i. What is the units digit of u?
8
Let s = 247 + -170. Suppose 0 = 4*v - 55 - s. What is the units digit of v?
3
What is the tens digit of (154/(-7))/(1 - 63/57)?
0
Let d = 20 - 15. Suppose 0 = -h + 4*l - 5, 16 = -d*h + 3*l - 26. Let k = h + 34. What is the units digit of k?
5
Let w(f) = 35*f**3 + f**2 + 3*f. Suppose -31*o + 36*o - 10 = 0. What is the hundreds digit of w(o)?
2
Let z(m) = -m**3 + 7*m**2 - 4*m + 4. Let y = 60 + -25. Let w be (-28)/y*15/(-2). What is the tens digit of z(w)?
1
Let m be (-4 -